)) + (-90)/(-135). Calculate the greatest common divisor of n and 115.
23
Suppose -y + 7*c = 2*c - 1924, 2*y + c - 3815 = 0. Calculate the highest common factor of y and 23.
23
Suppose -8*s = -8*d - 6*s + 50818, -4*d + 2*s = -25410. Calculate the highest common factor of 16 and d.
16
Suppose 4*m + 2*u - 58648 = -4450, -u = -5*m + 67765. Calculate the greatest common factor of 112 and m.
112
Suppose -5*o + 18 = 3. Let l(r) = 2*r**3 + 5*r + 12. Let k be l(o). Calculate the highest common factor of 63 and k.
9
Let f be 3*(-3)/((-27)/48). Let a = 286 + -240. Let l = 110 - a. Calculate the greatest common factor of f and l.
16
Let l(v) = -2*v**3 + 69*v**2 + 14*v + 854. Let t be l(35). What is the highest common divisor of t and 493?
17
Let x be (-6023)/(-76) - (-1)/(-4). Let h = -52 + x. Let p be 57 - ((4 - 3 - -3) + -1). Calculate the highest common factor of h and p.
27
Suppose 65 = 5*i + 5*m, 4*m - 71 = -5*i + m. Suppose 2*c = 5*u - 1591, 4*u - 690 = 4*c + 590. Let b = 461 - u. What is the greatest common factor of i and b?
16
Let l(v) = -99*v - 5. Let r be l(-7). Let j = -206713 - -206729. What is the highest common factor of j and r?
16
Let h = 496 + -78. Let p = h - 409. What is the greatest common factor of p and 24?
3
Let d be 4*3/6*(-83421)/(-62). What is the highest common factor of 828 and d?
207
Let l be 1/(-3) + 17942/6. Let n = -2014 + l. What is the greatest common factor of n and 61?
61
Let p = -6 + 6. Suppose -5*n - 4 + 9 = p. Suppose -363*x - 2*z = -362*x + 2, -3 = -x - z. Calculate the highest common divisor of n and x.
1
Let m = 27976 + -27900. Calculate the greatest common factor of m and 162.
2
Suppose -3*g + 4*u + 138 = -92, -4*u + 50 = g. Let v be (-22 - (-6420)/210)/((-39)/14 - -3). What is the highest common factor of g and v?
10
Suppose 5*b = -2*t + 7 + 106, 4*t = b - 49. Calculate the highest common divisor of b and 4175.
25
Let l(z) = -609*z + 16. Let s be l(1). Let q = 607 + s. What is the greatest common factor of q and 238?
14
Let z be -194*(-3)/84 + (-8)/(-112). Let m(q) = 6*q**2 - 20*q - 71. Let t be m(-9). What is the highest common factor of t and z?
7
Suppose 0 = -3*n + 2*g + 146, 3*n = -3*g + 29 + 97. Let p = 842 - 428. What is the greatest common factor of p and n?
46
Let d = 7 - -2. Let q be 11 - (3/1 - -2). Let z be (81/q)/(-6 - -9)*2. Calculate the greatest common factor of d and z.
9
Let d = -3 - -4. Suppose -5*u = -2*b + 68, -4*u + 125 = -b + 4*b. Let c = d + b. Calculate the highest common factor of 10 and c.
10
Let n(j) = 519*j + 3711. Let i be n(-7). What is the greatest common factor of 36 and i?
6
Suppose 4*s - 3*v - 6013 = 0, -3*s + 5440 = -3*v + 925. Calculate the greatest common divisor of 70 and s.
14
Let q = -3915 + 5568. Calculate the highest common divisor of 57 and q.
57
Let r(x) = 9*x**2 + 27*x + 26. Let s(g) = -3*g**2 + g + 2. Let w(z) = r(z) - 3*s(z). Let o be w(8). What is the highest common factor of o and 44?
44
Suppose 46*n + 46*n = -157*n + 1400625. Calculate the highest common factor of n and 9.
9
Let m(x) = 4*x - 7 + 12 + 43 - 2*x + 66. Let l be m(-23). Calculate the greatest common divisor of 8 and l.
4
Let v(w) = 19*w**3 - w**2 + 2*w. Let r be v(1). Let t = 23 - r. Suppose -g - 31 = -2*i, -t*i - g - 4*g = -40. Calculate the greatest common divisor of i and 45.
15
Let h = -6396 - -6428. Calculate the greatest common divisor of 5488 and h.
16
Let i = -222 + 224. Let f be (-36 - -37) + i*(-33)/(-3). Suppose -94 = -5*u + 21. What is the highest common divisor of f and u?
23
Let g be (1*-2*6/4)/(66/(-176)). What is the highest common divisor of g and 712?
8
Let b(p) = -p**3 - 63*p**2 + 2*p + 833. Let g be b(-63). Calculate the greatest common divisor of 1616 and g.
101
Suppose -2*s - 4*a + 3*a = -117, -4*a + 578 = 10*s. Calculate the highest common divisor of s and 4301.
11
Let q(b) = -18*b**2 - 1295*b + 80. Let d be q(-72). What is the greatest common factor of 7064 and d?
8
Let n = 36 + -29. Suppose r = -9 + 9. Let a be r + -4 + 2 + n. Calculate the highest common factor of 35 and a.
5
Suppose -20*m + 631 = 548 - 1217. What is the highest common factor of 415 and m?
5
Let j be (54/(-15))/(3/(-50)). Suppose 0 = -5*d - 2*z + 145, 3*z = 4*d + 7*z - 116. Let r = j - d. Calculate the highest common divisor of r and 248.
31
Suppose 16 = -i + 5*i, 3*w - 40 = 5*i. Let n = w - -2. Let x(p) = p**3 - 32*p**2 - 26*p + 11. Let d be x(33). Calculate the highest common divisor of d and n.
22
Suppose -66 = -4*u + 78. Let i be (7 - 124/20)*10/4. Suppose -35*g - i = -u*g. What is the greatest common divisor of g and 2?
2
Let x = -691 + 3837. Calculate the highest common divisor of x and 1089.
121
Let d = -128 + 24. Let c be -24*6/(-7)*(-273)/d. What is the highest common factor of c and 18?
18
Suppose -z + 2*z = 2*t - 52, -3*t - 5*z + 104 = 0. Suppose -2*p + 10 = -110. Let i = p + -46. Calculate the greatest common divisor of i and t.
14
Suppose 0 = -4*c + 8, 0 = -h - 0*c + 5*c + 6. Let z = 32 - h. Let i(m) = -m**2 + 19*m - 18. Let v be i(z). What is the greatest common divisor of v and 240?
30
Let c(u) = -30*u - 46. Let l be c(-3). Let w be -11*-2*2/4. What is the highest common divisor of w and l?
11
Suppose -289*u + 129352 = -197*u. What is the highest common divisor of 222 and u?
74
Suppose 0 = 2266*t - 2143*t - 4551. What is the greatest common divisor of t and 4699?
37
Suppose 3*j - 4 = 5*n + 5, -5*j + 3*n + 15 = 0. Suppose -1 = -c + j. Suppose 3*r + 9 = 0, 36 = 3*g - r - c*r. What is the greatest common factor of g and 7?
7
Suppose 0 = 4*g - 159 - 37. Let c(y) = 1037*y + 3125. Let t be c(-3). Calculate the highest common factor of t and g.
7
Let m = -48 - -114. Let l be (-993)/(-6) + ((-27)/78 - (-16)/(-104)). What is the greatest common factor of l and m?
33
Suppose 23*o - 70*o + 376 = 0. Suppose 131 + 165 = o*s. What is the highest common factor of s and 259?
37
Let d be 28 - 2*(-6)/(-4). Let t(m) = 16*m**2 - 4*m - 2. Let n be t(-1). Suppose -4*x + n + 42 = 0. Calculate the greatest common factor of x and d.
5
Suppose -5*t + 15*d - 13*d + 6 = 0, -2*d + 4 = 0. Let u(x) = 2*x**2 + 24*x**2 - 2*x - x. Let v be u(t). Calculate the greatest common divisor of 14 and v.
14
Suppose -13*l - 1352 = -3*d - 8*l, 2*l - 480 = -d. What is the greatest common divisor of 3364 and d?
116
Let m(b) = -b**3 - 5*b**2 - 2*b - 9. Let f = 20 + -24. Let i be m(f). Let q = i + 134. What is the highest common divisor of 13 and q?
13
Suppose -5*l + s = 6*s + 1365, -541 = 2*l + s. Let z = 343 + l. Calculate the highest common factor of z and 9.
3
Suppose 0 = 3*u + 146*u - 1192. Calculate the highest common factor of u and 82.
2
Let t be 3*(-1 + 14) - -1. Suppose -8*r = -10*r + 94. Suppose 17 + 10 = 3*k + q, 0 = 4*k + 5*q - r. Calculate the greatest common divisor of t and k.
8
Let x(y) = y**3 - 34*y**2 + 97*y + 53. Let m be x(32). Let o = m - 484. Calculate the highest common factor of o and 25.
25
Suppose 4*o - 640 + 1476 = 4*b, -4*b = -3*o - 841. Calculate the highest common divisor of b and 8774.
214
Suppose 204*i - 15585 = 4086 - 4371. Calculate the highest common divisor of 57 and i.
3
Suppose -o + 852 = 2*f, -15*f = -o - 11*f + 888. What is the highest common divisor of o and 744?
24
Suppose 121 = 3*k - 149. Let d(b) = 4*b**3 + 19*b**2 - 7*b + 17. Let v be d(-5). What is the highest common factor of v and k?
9
Let y be (80/50)/((-1)/5). Let r be (-56)/(0 + y) + 2. Let u(s) = 2*s**3 - 3*s + 2. Let o be u(2). Calculate the greatest common divisor of r and o.
3
Let l(s) = s**2 + 48*s - 61. Let g be l(-55). Suppose -p + 12*v = 7*v - 81, 0 = 4*p + v - g. Calculate the greatest common divisor of 3 and p.
3
Let d be (-1794)/(-117) + 40/15. Calculate the greatest common factor of 48 and d.
6
Let o = 48 + -46. Suppose -g - 127 = 2*l + o*g, -g + 3 = 0. Let i = l + 71. What is the greatest common factor of i and 9?
3
Let r = 6767 + -6729. What is the greatest common factor of r and 532?
38
Suppose 6704 = 4*p + n + 425, 10*n + 3150 = 2*p. What is the highest common factor of 15 and p?
5
Suppose 0 = -3*i - 8*i - 935. Let j = -76 - i. Suppose 20 + 1051 = 17*x. What is the highest common factor of x and j?
9
Suppose -18*o + 3016 = -440. Suppose 0 = -5*a - 4*q + 266, q + o = 4*a - q. Suppose 12 = 2*m - 8. What is the greatest c